 + 45. Determine p(-11).
-230
Let i(d) = -2*d + 89. Calculate i(-39).
167
Let i(u) = -u**3 - 2*u**2 + 2*u - 7. Determine i(0).
-7
Let a(p) = 54*p + 2981. Calculate a(-56).
-43
Let p(a) = -a**2 + 4*a. What is p(-4)?
-32
Let n(c) = 20*c**2 - 179*c - 6. Give n(9).
3
Let g(f) = 192*f + 10098. Give g(-52).
114
Let s(p) = p**2 + 116*p + 3293. Give s(-59).
-70
Let n(z) = 9*z - 184. Calculate n(19).
-13
Let b(g) = 3*g**2 + 107*g - 390. Calculate b(-39).
0
Let q(x) = -x**2 - 48*x + 187. What is q(-45)?
322
Let z(s) = s**3 + 5*s**2 - 49*s + 26. Determine z(-11).
-161
Let i(t) = -7*t + 84. Give i(18).
-42
Let z(c) = -c**3 - 54*c**2 - 121*c - 897. Determine z(-52).
-13
Let q(z) = -z**3 - 11*z**2 - 9*z. What is q(-8)?
-120
Let l(r) = -3611*r + 14450. What is l(4)?
6
Let f(g) = -5*g**2 + 38*g - 42. Give f(9).
-105
Let u(y) = -y**3 + y**2 - 24*y - 10. What is u(0)?
-10
Let n(g) = -g**3 + 48*g**2 - 487*g - 113. Calculate n(15).
7
Let z(t) = t**2 - 246*t - 1253. Determine z(-5).
2
Let s(m) = -22*m**2 + 16*m - 11. Determine s(2).
-67
Let q(n) = 75*n - 227. What is q(3)?
-2
Let a(s) = 143*s + 3172. What is a(-22)?
26
Let o(z) = -z**3 - 17*z**2 + 29*z - 66. Give o(-19).
105
Let j(y) = -12961*y - 12963. Determine j(-1).
-2
Let v(w) = 32*w**3 + 10*w**2 - 3*w - 4. Calculate v(1).
35
Let x(l) = -2*l**3 + 2*l**2 + 63*l + 78. Give x(-4).
-14
Let g(d) = d**2 - 25*d + 162. Give g(15).
12
Let n(v) = v**2 + 404*v + 1202. Calculate n(-3).
-1
Let v(k) = k**3 - 295*k**2 + 2024*k - 2303. Give v(288).
1
Let c(b) = 4*b**3 + 4*b**2 - 7*b - 3. Calculate c(-3).
-54
Let w(o) = -35*o + 530. Determine w(13).
75
Let z(g) = -5378*g + 16157. What is z(3)?
23
Let u(y) = -70*y**2 - 352*y - 18. Determine u(-5).
-8
Let k(w) = 3*w**3 - 62*w**2 - 11*w + 25. Determine k(21).
235
Let j(q) = 7*q**2 - 445*q - 186. Calculate j(64).
6
Let s(n) = n**3 + 281*n**2 - 848*n - 9. What is s(3)?
3
Let a(u) = -u**2 + 38*u + 344. Give a(46).
-24
Let p(d) = -d**3 + 88*d**2 + 464*d + 86. Calculate p(93).
-7
Let i(n) = -40*n + 2773. Calculate i(69).
13
Let o(h) = 124*h + 4533. Calculate o(-35).
193
Let u(n) = 3*n**2 + 20*n - 11. Give u(-10).
89
Let x(n) = 9*n**2 + 273*n - 204. Give x(-31).
-18
Let o(c) = -212*c**2 + 2340*c - 96. Calculate o(11).
-8
Let k(y) = -3*y**2 - 49*y - 487. Calculate k(-22).
-861
Let g(u) = -32*u - 521. Calculate g(-17).
23
Let j(r) = -6*r**2 - 299*r - 126. Give j(-50).
-176
Let k(w) = -17*w + 383. Give k(43).
-348
Let a(y) = 58*y**3 - 2*y**2 + 4*y + 19. Determine a(3).
1579
Let i(z) = -15*z**2 + 12*z + 8. Give i(-3).
-163
Let b(a) = 14*a + 110. What is b(-8)?
-2
Let c(x) = -2*x**3 + 10*x**2 + 31*x - 95. Calculate c(7).
-74
Let h(a) = a**3 + 15*a**2 + 15*a - 119. Determine h(-13).
24
Let n(b) = 2*b**3 + 17*b**2 + 87*b + 6. Determine n(-7).
-456
Let z(u) = 12*u - 284. What is z(27)?
40
Let r(c) = -73*c**2 + 3*c + 12. What is r(-2)?
-286
Let p(x) = -5*x**2 - 13*x - 65. Determine p(-6).
-167
Let i(y) = -y**3 + 32*y**2 + 18*y + 495. What is i(33)?
0
Let n(w) = 2*w**3 + 62*w**2 + 4*w + 9. What is n(-31)?
-115
Let n(q) = -16*q + 41. What is n(29)?
-423
Let m(p) = -8*p**2 - 6*p + 10. Give m(-7).
-340
Let s(f) = 367*f + 2557. Calculate s(-7).
-12
Let z(w) = w**3 + 14*w**2 - 281*w - 171. Give z(-25).
-21
Let n(s) = 3*s**2 + 77*s - 604. Determine n(-32).
4
Let r(t) = -46*t + 1567. Calculate r(34).
3
Let j(o) = o**2 + 47*o - 6. What is j(-47)?
-6
Let a(t) = -1447*t + 52078. Give a(36).
-14
Let f(y) = y**3 - 6*y**2 - 70*y + 370. Determine f(5).
-5
Let j(u) = -1372*u - 1369. Calculate j(-1).
3
Let a(k) = 36*k**3 + 5*k**2 - 3*k - 2. Determine a(-1).
-30
Let m(x) = -659*x - 2700. Determine m(-4).
-64
Let k(g) = 2178*g - 50101. What is k(23)?
-7
Let i(f) = -3*f**3 + 61*f**2 - 93*f - 34. Calculate i(19).
-357
Let j(w) = -74*w - 142. Determine j(-2).
6
Let m(n) = -2452*n + 66209. Give m(27).
5
Let j(f) = -2*f**2 - 157*f - 214. Give j(-77).
17
Let a(n) = 3*n**2 - 121*n - 157. Determine a(39).
-313
Let d(o) = o**3 - 19*o**2 - 359*o - 12. What is d(-12)?
-168
Let n(x) = -2*x**2 + 68*x + 116. What is n(36)?
-28
Let d(v) = v**3 - 32*v**2 + 172*v + 41. What is d(25)?
-34
Let w(q) = q**2 - 28*q + 132. Calculate w(7).
-15
Let v(w) = -13*w - 678. What is v(41)?
-1211
Let p(z) = -2*z**3 + 23*z**2 - 51*z + 63. Calculate p(8).
103
Let h(w) = 2*w**3 + 54*w**2 - 55*w + 35. Give h(-28).
7
Let y(s) = -567*s - 6811. Determine y(-12).
-7
Let t(x) = x**3 - 2*x**2 + 14*x - 40. Determine t(3).
11
Let h(c) = 72*c - 13. Calculate h(1).
59
Let u(d) = -2*d**2 + 4231*d + 46800. Calculate u(-11).
17
Let l(y) = -2*y**3 - 61*y**2 - 28*y. Calculate l(-30).
-60
Let z(o) = -110*o + 5603. Give z(51).
-7
Let u(d) = 2017*d - 56476. Calculate u(28).
0
Let z(y) = -y**2 - 39*y - 125. Give z(-4).
15
Let d(w) = -186*w - 180. Calculate d(-1).
6
Let n(y) = 106*y - 315. Determine n(3).
3
Let z(r) = -14*r + 229. Calculate z(16).
5
Let f(r) = -r**2 + 52*r + 4502. What is f(-46)?
-6
Let j(b) = -b**3 + 6*b**2 + 26*b - 66. Give j(8).
14
Let g(r) = r**3 - 18*r**2 + 36*r - 67. Calculate g(16).
-3
Let q(z) = 7*z**2 + 98*z + 35. What is q(-13)?
-56
Let j(f) = -f**2 - 31*f + 957. What is j(-41)?
547
Let n(o) = 5*o**3 + 26*o**2 - 23*o + 12. Calculate n(-6).
6
Let v(j) = -39*j - 603. What is v(-15)?
-18
Let k(c) = 6*c**3 - 15*c**2 + 23*c - 9. Determine k(1).
5
Let r(l) = -71*l - 49. Calculate r(3).
-262
Let o(m) = m**2 - 58*m - 406. Give o(-7).
49
Let c(p) = -p**3 + 37*p**2 - 187*p + 54. What is c(31)?
23
Let k(y) = y**3 - 68*y**2 - 598*y - 768. Give k(76).
-8
Let d(g) = -7*g**2 + 168*g - 942. Give d(15).
3
Let w(g) = g**3 - 9*g**2 - 40*g + 300. Calculate w(10).
0
Let r(h) = 6075*h - 6069. Determine r(1).
6
Let r(y) = 4*y**2 - 39*y - 487. Determine r(-12).
557
Let a(g) = -g**3 - 149*g**2 + 2*g + 302. What is a(-149)?
4
Let r(i) = 2*i**3 + 35*i**2 + 32*i + 361. Determine r(-17).
106
Let k(d) = -4*d**2 + 66*d - 1. Calculate k(5).
229
Let s(i) = -397*i + 2430. Give s(6).
48
Let s(p) = p**3 + 15*p**2 + p - 12. Calculate s(-15).
-27
Let r(a) = -a**3 - 2*a**2 + 6*a - 10. Determine r(-4).
-2
Let b(g) = 359*g + 23327. Give b(-65).
-8
Let s(d) = -4*d**3 + 170*d**2 - 83*d - 48. Determine s(42).
-6
Let c(h) = h**2 - 2*h - 27. Calculate c(-4).
-3
Let z(b) = b**3 - 2*b**2 - 4*b + 8. Calculate z(3).
5
Let n(w) = -258*w - 617. What is n(-2)?
-101
Let h(l) = l**3 + 23*l**2 - l + 46. Calculate h(-23).
69
Let n(b) = -2*b**3 - 8*b**2 - 5*b - 11. Determine n(-5).
64
Let n(q) = 217*q**2 + 1731*q - 16. Determine n(-8).
24
Let r(l) = -l**3 - 35*l**2 - 38*l - 118. Give r(-34).
18
Let m(q) = -3144*q - 6284. Calculate m(-2).
4
Let m(v) = 30*v + 30. Determine m(-6).
-150
Let b(k) = -2*k**2 + 3*k + 19. What is b(6)?
-35
Let g(o) = 91*o - 658. Give g(7).
-21
Let u(p) = -3*p**3 - 3*p**2 + 18. Calculate u(-4).
162
Let k(w) = -7*w**2 - 44*w - 91. Give k(-2).
-31
Let f(y) = -y**3 - 2*y - 14. What is f(0)?
-14
Let d(r) = 2*r**3 - 57*r**2 + 339*r - 4. Calculate d(20).
-24
Let g(q) = 826*q + 1641. Determine g(-2).
-11
Let x(a) = -7*a**3 + 5*a**2 + 4*a - 4. Calculate x(2).
-32
Let y(z) = -2*z**2 - 3*z + 16. Determine y(5).
-49
Let t(y) = y**2 + 21*y - 23. Give t(-10).
-133
Let s(y) = 10*y**3 + 55*y**2 - 24*y - 21. Determine s(-6).
-57
Let k(j) = -14*j**2 - 21*j - 23. Give k(-6).
-401
Let s(j) = 32*j**2 - 1313*j + 9. Calculate s(41).
-32
Let s(r) = -165*r**2 + 6*r - 19. What is s(-1)?
-190
Let g(i) = -i**2 + 21*i + 5. Give g(21).
5
Let f(s) = -4*s**3 + s**2 - 2*s + 3. Calculate f(-3).
126
Let j(x) = 2*x**3 + 708*x**2 + 689*x - 6003. Determine j(-353).
-2
Let x(q) = 45*q + 2175. Calculate x(-48).
15
Let x(f) = -4*f**3 + 1179*f**2 + 298*f - 888. Determine x(295).
-3
Let z(j) = -34*j + 87. Calculate z(5).
-83
Let i(b) = 79*b + 58. Calculate i(3).
295
Let r(b) = 7*b - 614. Give r(83).
-33
Let a(b) = -334*b - 3014. Give a(-9).
-8
Let a(v) = -14*v**2 - 105*v - 22. Give a(-7).
27
Let t(k) = 13*k**2 - 24*k - 149. Determine t(-5).
296
Let x(r) = -2*r**2 - 161*r + 3670. Give x(-99).
7
Let z(d) = 3112*d - 15584. Determine z(5).
-24
Let c(s) = -s**2 + 18*s + 25. What is c(20)?
-15
Let u(i) = -2*i**3 + 9*i**2 + 47*i - 82. Give u(7).
2
Let p(z) = -3*z**3 - 99*z**2 + 3*z + 83. Determine p(-33).
-16
Let q(w) = 2*w**3 - 11*w**2 - 163*w - 32. Give q(-8).
-456
Let m(i) = 222*i - 3326. Calculate m(15).
4
Let n(f